{"version":"1.0","provider_name":"Centro Urbano","provider_url":"https:\/\/centrourbano.com\/revista","author_name":"Edgar Rosas","author_url":"https:\/\/centrourbano.com\/revista\/author\/edgar-rosas\/","title":"Vivienda, motor de la econ\u00f3mica y pilar de la pol\u00edtica social: Romero Hicks -","type":"rich","width":600,"height":338,"html":"<blockquote class=\"wp-embedded-content\" data-secret=\"61CTMnRy1Y\"><a href=\"https:\/\/centrourbano.com\/revista\/vivienda\/vivienda-motor-la-economica-pilar-la-politica-social\/\">Vivienda, motor de la econ\u00f3mica y pilar de la pol\u00edtica social: Romero Hicks<\/a><\/blockquote><iframe sandbox=\"allow-scripts\" security=\"restricted\" src=\"https:\/\/centrourbano.com\/revista\/vivienda\/vivienda-motor-la-economica-pilar-la-politica-social\/embed\/#?secret=61CTMnRy1Y\" width=\"600\" height=\"338\" title=\"\u00abVivienda, motor de la econ\u00f3mica y pilar de la pol\u00edtica social: Romero Hicks\u00bb \u2014 Centro Urbano\" data-secret=\"61CTMnRy1Y\" frameborder=\"0\" marginwidth=\"0\" marginheight=\"0\" scrolling=\"no\" class=\"wp-embedded-content\"><\/iframe><script type=\"text\/javascript\">\n\/* <![CDATA[ *\/\n\/*! This file is auto-generated *\/\n!function(d,l){\"use strict\";l.querySelector&&d.addEventListener&&\"undefined\"!=typeof URL&&(d.wp=d.wp||{},d.wp.receiveEmbedMessage||(d.wp.receiveEmbedMessage=function(e){var t=e.data;if((t||t.secret||t.message||t.value)&&!\/[^a-zA-Z0-9]\/.test(t.secret)){for(var s,r,n,a=l.querySelectorAll('iframe[data-secret=\"'+t.secret+'\"]'),o=l.querySelectorAll('blockquote[data-secret=\"'+t.secret+'\"]'),c=new RegExp(\"^https?:$\",\"i\"),i=0;i<o.length;i++)o[i].style.display=\"none\";for(i=0;i<a.length;i++)s=a[i],e.source===s.contentWindow&&(s.removeAttribute(\"style\"),\"height\"===t.message?(1e3<(r=parseInt(t.value,10))?r=1e3:~~r<200&&(r=200),s.height=r):\"link\"===t.message&&(r=new URL(s.getAttribute(\"src\")),n=new URL(t.value),c.test(n.protocol))&&n.host===r.host&&l.activeElement===s&&(d.top.location.href=t.value))}},d.addEventListener(\"message\",d.wp.receiveEmbedMessage,!1),l.addEventListener(\"DOMContentLoaded\",function(){for(var e,t,s=l.querySelectorAll(\"iframe.wp-embedded-content\"),r=0;r<s.length;r++)(t=(e=s[r]).getAttribute(\"data-secret\"))||(t=Math.random().toString(36).substring(2,12),e.src+=\"#?secret=\"+t,e.setAttribute(\"data-secret\",t)),e.contentWindow.postMessage({message:\"ready\",secret:t},\"*\")},!1)))}(window,document);\n\/* ]]> *\/\n<\/script>\n","thumbnail_url":"https:\/\/centrourbano.com\/revista\/wp-content\/uploads\/MG_1933.jpg","thumbnail_width":1200,"thumbnail_height":800,"description":"Jos\u00e9 Luis Romero Hicks, analista en temas comerciales y miembro del Consejo Mexicano de Asuntos Internacionales particip\u00f3 en el taller \"Cr\u00e9dito que Mueve y Derrama Institucional\", realizado en el marco del primer d\u00eda de actividades de Expo Fovissste 2016. Durante su participaci\u00f3n el experto destac\u00f3 la importancia del sector para el pa\u00eds, no s\u00f3lo en materia econ\u00f3mica sino social."}

Vivienda, motor de la económica y pilar de la política social: Romero Hicks -

<blockquote class="wp-embedded-content" data-secret="61CTMnRy1Y"><a href="https://centrourbano.com/revista/vivienda/vivienda-motor-la-economica-pilar-la-politica-social/">Vivienda, motor de la económica y pilar de la política social: Romero Hicks</a></blockquote><iframe sandbox="allow-scripts" security="restricted" src="https://centrourbano.com/revista/vivienda/vivienda-motor-la-economica-pilar-la-politica-social/embed/#?secret=61CTMnRy1Y" width="600" height="338" title="«Vivienda, motor de la económica y pilar de la política social: Romero Hicks» — Centro Urbano" data-secret="61CTMnRy1Y" frameborder="0" marginwidth="0" marginheight="0" scrolling="no" class="wp-embedded-content"></iframe><script type="text/javascript">
/* <![CDATA[ */
/*! This file is auto-generated */
!function(d,l){"use strict";l.querySelector&&d.addEventListener&&"undefined"!=typeof URL&&(d.wp=d.wp||{},d.wp.receiveEmbedMessage||(d.wp.receiveEmbedMessage=function(e){var t=e.data;if((t||t.secret||t.message||t.value)&&!/[^a-zA-Z0-9]/.test(t.secret)){for(var s,r,n,a=l.querySelectorAll('iframe[data-secret="'+t.secret+'"]'),o=l.querySelectorAll('blockquote[data-secret="'+t.secret+'"]'),c=new RegExp("^https?:$","i"),i=0;i<o.length;i++)o[i].style.display="none";for(i=0;i<a.length;i++)s=a[i],e.source===s.contentWindow&&(s.removeAttribute("style"),"height"===t.message?(1e3<(r=parseInt(t.value,10))?r=1e3:~~r<200&&(r=200),s.height=r):"link"===t.message&&(r=new URL(s.getAttribute("src")),n=new URL(t.value),c.test(n.protocol))&&n.host===r.host&&l.activeElement===s&&(d.top.location.href=t.value))}},d.addEventListener("message",d.wp.receiveEmbedMessage,!1),l.addEventListener("DOMContentLoaded",function(){for(var e,t,s=l.querySelectorAll("iframe.wp-embedded-content"),r=0;r<s.length;r++)(t=(e=s[r]).getAttribute("data-secret"))||(t=Math.random().toString(36).substring(2,12),e.src+="#?secret="+t,e.setAttribute("data-secret",t)),e.contentWindow.postMessage({message:"ready",secret:t},"*")},!1)))}(window,document);
/* ]]> */
</script>

José Luis Romero Hicks, analista en temas comerciales y miembro del Consejo Mexicano de Asuntos Internacionales participó en el taller "Crédito que Mueve y Derrama Institucional", realizado en el marco del primer día de actividades de Expo Fovissste 2016. Durante su participación el experto destacó la importancia del sector para el país, no sólo en materia económica sino social.
