{"version":"1.0","provider_name":"Centro Urbano","provider_url":"https:\/\/centrourbano.com\/revista","author_name":"Edgar Rosas","author_url":"https:\/\/centrourbano.com\/revista\/author\/edgar-rosas\/","title":"Reconocen trabajo de IVEY en zonas rurales -","type":"rich","width":600,"height":338,"html":"<blockquote class=\"wp-embedded-content\" data-secret=\"g20meAjtOG\"><a href=\"https:\/\/centrourbano.com\/revista\/vivienda\/reconocen-trabajo-ivey-zonas-rurales\/\">Reconocen trabajo de IVEY en zonas rurales<\/a><\/blockquote><iframe sandbox=\"allow-scripts\" security=\"restricted\" src=\"https:\/\/centrourbano.com\/revista\/vivienda\/reconocen-trabajo-ivey-zonas-rurales\/embed\/#?secret=g20meAjtOG\" width=\"600\" height=\"338\" title=\"\u00abReconocen trabajo de IVEY en zonas rurales\u00bb \u2014 Centro Urbano\" data-secret=\"g20meAjtOG\" frameborder=\"0\" marginwidth=\"0\" marginheight=\"0\" scrolling=\"no\" class=\"wp-embedded-content\"><\/iframe><script type=\"text\/javascript\">\n\/* <![CDATA[ *\/\n\/*! This file is auto-generated *\/\n!function(d,l){\"use strict\";l.querySelector&&d.addEventListener&&\"undefined\"!=typeof URL&&(d.wp=d.wp||{},d.wp.receiveEmbedMessage||(d.wp.receiveEmbedMessage=function(e){var t=e.data;if((t||t.secret||t.message||t.value)&&!\/[^a-zA-Z0-9]\/.test(t.secret)){for(var s,r,n,a=l.querySelectorAll('iframe[data-secret=\"'+t.secret+'\"]'),o=l.querySelectorAll('blockquote[data-secret=\"'+t.secret+'\"]'),c=new RegExp(\"^https?:$\",\"i\"),i=0;i<o.length;i++)o[i].style.display=\"none\";for(i=0;i<a.length;i++)s=a[i],e.source===s.contentWindow&&(s.removeAttribute(\"style\"),\"height\"===t.message?(1e3<(r=parseInt(t.value,10))?r=1e3:~~r<200&&(r=200),s.height=r):\"link\"===t.message&&(r=new URL(s.getAttribute(\"src\")),n=new URL(t.value),c.test(n.protocol))&&n.host===r.host&&l.activeElement===s&&(d.top.location.href=t.value))}},d.addEventListener(\"message\",d.wp.receiveEmbedMessage,!1),l.addEventListener(\"DOMContentLoaded\",function(){for(var e,t,s=l.querySelectorAll(\"iframe.wp-embedded-content\"),r=0;r<s.length;r++)(t=(e=s[r]).getAttribute(\"data-secret\"))||(t=Math.random().toString(36).substring(2,12),e.src+=\"#?secret=\"+t,e.setAttribute(\"data-secret\",t)),e.contentWindow.postMessage({message:\"ready\",secret:t},\"*\")},!1)))}(window,document);\n\/* ]]> *\/\n<\/script>\n","thumbnail_url":"https:\/\/centrourbano.com\/revista\/wp-content\/uploads\/IVEY-1.jpg","thumbnail_width":640,"thumbnail_height":426,"description":"En aras de robustecer la Estrategia Nacional de Inclusi\u00f3n (ENI), C\u00e9sar Escobedo May, titular del Instituto de Vivienda del Estado de Yucat\u00e1n (IVEY) sostuvo una reuni\u00f3n con funcionarios de la Secretar\u00eda de Desarrollo Social (Sedesol), en la cual evaluaron los impactos de los programas emprendidos por esta dependencia."}

En aras de robustecer la Estrategia Nacional de Inclusión (ENI), César Escobedo May, titular del Instituto de Vivienda del Estado de Yucatán (IVEY) sostuvo una reunión con funcionarios de la Secretaría de Desarrollo Social (Sedesol), en la cual evaluaron los impactos de los programas emprendidos por esta dependencia.
