{"version":"1.0","provider_name":"Centro Urbano","provider_url":"https:\/\/centrourbano.com\/revista","author_name":"Edgar Rosas","author_url":"https:\/\/centrourbano.com\/revista\/author\/edgar-rosas\/","title":"Con Plan de Cr\u00e9ditos Infonavit, M\u00e9xico har\u00e1 historia: S\u00e1nchez -","type":"rich","width":600,"height":338,"html":"<blockquote class=\"wp-embedded-content\" data-secret=\"vtQxvCuw6R\"><a href=\"https:\/\/centrourbano.com\/revista\/vivienda\/plan-creditos-infonavit-mexico-hara-historia-sanchez\/\">Con Plan de Cr\u00e9ditos Infonavit, M\u00e9xico har\u00e1 historia: S\u00e1nchez<\/a><\/blockquote><iframe sandbox=\"allow-scripts\" security=\"restricted\" src=\"https:\/\/centrourbano.com\/revista\/vivienda\/plan-creditos-infonavit-mexico-hara-historia-sanchez\/embed\/#?secret=vtQxvCuw6R\" width=\"600\" height=\"338\" title=\"\u00abCon Plan de Cr\u00e9ditos Infonavit, M\u00e9xico har\u00e1 historia: S\u00e1nchez\u00bb \u2014 Centro Urbano\" data-secret=\"vtQxvCuw6R\" frameborder=\"0\" marginwidth=\"0\" marginheight=\"0\" scrolling=\"no\" class=\"wp-embedded-content\"><\/iframe><script type=\"text\/javascript\">\n\/* <![CDATA[ *\/\n\/*! This file is auto-generated *\/\n!function(d,l){\"use strict\";l.querySelector&&d.addEventListener&&\"undefined\"!=typeof URL&&(d.wp=d.wp||{},d.wp.receiveEmbedMessage||(d.wp.receiveEmbedMessage=function(e){var t=e.data;if((t||t.secret||t.message||t.value)&&!\/[^a-zA-Z0-9]\/.test(t.secret)){for(var s,r,n,a=l.querySelectorAll('iframe[data-secret=\"'+t.secret+'\"]'),o=l.querySelectorAll('blockquote[data-secret=\"'+t.secret+'\"]'),c=new RegExp(\"^https?:$\",\"i\"),i=0;i<o.length;i++)o[i].style.display=\"none\";for(i=0;i<a.length;i++)s=a[i],e.source===s.contentWindow&&(s.removeAttribute(\"style\"),\"height\"===t.message?(1e3<(r=parseInt(t.value,10))?r=1e3:~~r<200&&(r=200),s.height=r):\"link\"===t.message&&(r=new URL(s.getAttribute(\"src\")),n=new URL(t.value),c.test(n.protocol))&&n.host===r.host&&l.activeElement===s&&(d.top.location.href=t.value))}},d.addEventListener(\"message\",d.wp.receiveEmbedMessage,!1),l.addEventListener(\"DOMContentLoaded\",function(){for(var e,t,s=l.querySelectorAll(\"iframe.wp-embedded-content\"),r=0;r<s.length;r++)(t=(e=s[r]).getAttribute(\"data-secret\"))||(t=Math.random().toString(36).substring(2,12),e.src+=\"#?secret=\"+t,e.setAttribute(\"data-secret\",t)),e.contentWindow.postMessage({message:\"ready\",secret:t},\"*\")},!1)))}(window,document);\n\/* ]]> *\/\n<\/script>\n","thumbnail_url":"https:\/\/centrourbano.com\/revista\/wp-content\/uploads\/Eduardossss.jpg","thumbnail_width":845,"thumbnail_height":1200,"description":"Con el Plan de Cr\u00e9ditos del Infonavit para el 2017, una vez m\u00e1s M\u00e9xico har\u00e1 historia en materia de vivienda, asegur\u00f3 Eduardo S\u00e1nchez, Coordinador General de Comunicaci\u00f3n Social y Vocero del Gobierno de la Rep\u00fablica. En conferencia de prensa en la Residencia Oficial de Los Pinos, acompa\u00f1ado del director general del Infonavit, David Penchyna Grub, el vocero record\u00f3 que para 2017 la meta del Infonavit es otorgar 460,000 cr\u00e9ditos, superando la cifra de 2016, la cu\u00e1l ser\u00e1 de 430,000 financiamientos."}

Con Plan de Créditos Infonavit, México hará historia: Sánchez -

<blockquote class="wp-embedded-content" data-secret="vtQxvCuw6R"><a href="https://centrourbano.com/revista/vivienda/plan-creditos-infonavit-mexico-hara-historia-sanchez/">Con Plan de Créditos Infonavit, México hará historia: Sánchez</a></blockquote><iframe sandbox="allow-scripts" security="restricted" src="https://centrourbano.com/revista/vivienda/plan-creditos-infonavit-mexico-hara-historia-sanchez/embed/#?secret=vtQxvCuw6R" width="600" height="338" title="«Con Plan de Créditos Infonavit, México hará historia: Sánchez» — Centro Urbano" data-secret="vtQxvCuw6R" frameborder="0" marginwidth="0" marginheight="0" scrolling="no" class="wp-embedded-content"></iframe><script type="text/javascript">
/* <![CDATA[ */
/*! This file is auto-generated */
!function(d,l){"use strict";l.querySelector&&d.addEventListener&&"undefined"!=typeof URL&&(d.wp=d.wp||{},d.wp.receiveEmbedMessage||(d.wp.receiveEmbedMessage=function(e){var t=e.data;if((t||t.secret||t.message||t.value)&&!/[^a-zA-Z0-9]/.test(t.secret)){for(var s,r,n,a=l.querySelectorAll('iframe[data-secret="'+t.secret+'"]'),o=l.querySelectorAll('blockquote[data-secret="'+t.secret+'"]'),c=new RegExp("^https?:$","i"),i=0;i<o.length;i++)o[i].style.display="none";for(i=0;i<a.length;i++)s=a[i],e.source===s.contentWindow&&(s.removeAttribute("style"),"height"===t.message?(1e3<(r=parseInt(t.value,10))?r=1e3:~~r<200&&(r=200),s.height=r):"link"===t.message&&(r=new URL(s.getAttribute("src")),n=new URL(t.value),c.test(n.protocol))&&n.host===r.host&&l.activeElement===s&&(d.top.location.href=t.value))}},d.addEventListener("message",d.wp.receiveEmbedMessage,!1),l.addEventListener("DOMContentLoaded",function(){for(var e,t,s=l.querySelectorAll("iframe.wp-embedded-content"),r=0;r<s.length;r++)(t=(e=s[r]).getAttribute("data-secret"))||(t=Math.random().toString(36).substring(2,12),e.src+="#?secret="+t,e.setAttribute("data-secret",t)),e.contentWindow.postMessage({message:"ready",secret:t},"*")},!1)))}(window,document);
/* ]]> */
</script>

Con el Plan de Créditos del Infonavit para el 2017, una vez más México hará historia en materia de vivienda, aseguró Eduardo Sánchez, Coordinador General de Comunicación Social y Vocero del Gobierno de la República. En conferencia de prensa en la Residencia Oficial de Los Pinos, acompañado del director general del Infonavit, David Penchyna Grub, el vocero recordó que para 2017 la meta del Infonavit es otorgar 460,000 créditos, superando la cifra de 2016, la cuál será de 430,000 financiamientos.
