{"version":"1.0","provider_name":"Centro Urbano","provider_url":"https:\/\/centrourbano.com\/revista","author_name":"Mario V\u00e1zquez Barrios","author_url":"https:\/\/centrourbano.com\/revista\/author\/mario-vazquez\/","title":"Infonavit impulsar\u00e1 proyecto de h\u00e1bitat en Ciudad Audi, Puebla","type":"rich","width":600,"height":338,"html":"<blockquote class=\"wp-embedded-content\" data-secret=\"196H8ZHQjL\"><a href=\"https:\/\/centrourbano.com\/revista\/vivienda\/infonavit-impulsara-proyecto-habitat-ciudad-audi-puebla\/\">Infonavit impulsar\u00e1 proyecto de h\u00e1bitat en Ciudad Audi, Puebla<\/a><\/blockquote><iframe sandbox=\"allow-scripts\" security=\"restricted\" src=\"https:\/\/centrourbano.com\/revista\/vivienda\/infonavit-impulsara-proyecto-habitat-ciudad-audi-puebla\/embed\/#?secret=196H8ZHQjL\" width=\"600\" height=\"338\" title=\"\u00abInfonavit impulsar\u00e1 proyecto de h\u00e1bitat en Ciudad Audi, Puebla\u00bb \u2014 Centro Urbano\" data-secret=\"196H8ZHQjL\" frameborder=\"0\" marginwidth=\"0\" marginheight=\"0\" scrolling=\"no\" class=\"wp-embedded-content\"><\/iframe><script type=\"text\/javascript\">\n\/* <![CDATA[ *\/\n\/*! This file is auto-generated *\/\n!function(d,l){\"use strict\";l.querySelector&&d.addEventListener&&\"undefined\"!=typeof URL&&(d.wp=d.wp||{},d.wp.receiveEmbedMessage||(d.wp.receiveEmbedMessage=function(e){var t=e.data;if((t||t.secret||t.message||t.value)&&!\/[^a-zA-Z0-9]\/.test(t.secret)){for(var s,r,n,a=l.querySelectorAll('iframe[data-secret=\"'+t.secret+'\"]'),o=l.querySelectorAll('blockquote[data-secret=\"'+t.secret+'\"]'),c=new RegExp(\"^https?:$\",\"i\"),i=0;i<o.length;i++)o[i].style.display=\"none\";for(i=0;i<a.length;i++)s=a[i],e.source===s.contentWindow&&(s.removeAttribute(\"style\"),\"height\"===t.message?(1e3<(r=parseInt(t.value,10))?r=1e3:~~r<200&&(r=200),s.height=r):\"link\"===t.message&&(r=new URL(s.getAttribute(\"src\")),n=new URL(t.value),c.test(n.protocol))&&n.host===r.host&&l.activeElement===s&&(d.top.location.href=t.value))}},d.addEventListener(\"message\",d.wp.receiveEmbedMessage,!1),l.addEventListener(\"DOMContentLoaded\",function(){for(var e,t,s=l.querySelectorAll(\"iframe.wp-embedded-content\"),r=0;r<s.length;r++)(t=(e=s[r]).getAttribute(\"data-secret\"))||(t=Math.random().toString(36).substring(2,12),e.src+=\"#?secret=\"+t,e.setAttribute(\"data-secret\",t)),e.contentWindow.postMessage({message:\"ready\",secret:t},\"*\")},!1)))}(window,document);\n\/* ]]> *\/\n<\/script>\n","thumbnail_url":"https:\/\/centrourbano.com\/revista\/wp-content\/uploads\/FullSizeRender-1.jpg","thumbnail_width":1368,"thumbnail_height":914,"description":"David Penchyna Grub, director general del Infonavit, en gira de trabajo por Puebla, asever\u00f3 que este a\u00f1o estiman dar apoyos para la construcci\u00f3n de Ciudad Audi en la entidad, donde este a\u00f1o la Instituci\u00f3n a su cargo estar\u00e1 realizando 400 viviendas a trav\u00e9s de dos constructoras locales para entregarse en diciembre de este a\u00f1o."}

Mario Vázquez Barrios

Infonavit impulsará proyecto de hábitat en Ciudad Audi, Puebla

<blockquote class="wp-embedded-content" data-secret="196H8ZHQjL"><a href="https://centrourbano.com/revista/vivienda/infonavit-impulsara-proyecto-habitat-ciudad-audi-puebla/">Infonavit impulsará proyecto de hábitat en Ciudad Audi, Puebla</a></blockquote><iframe sandbox="allow-scripts" security="restricted" src="https://centrourbano.com/revista/vivienda/infonavit-impulsara-proyecto-habitat-ciudad-audi-puebla/embed/#?secret=196H8ZHQjL" width="600" height="338" title="«Infonavit impulsará proyecto de hábitat en Ciudad Audi, Puebla» — Centro Urbano" data-secret="196H8ZHQjL" frameborder="0" marginwidth="0" marginheight="0" scrolling="no" class="wp-embedded-content"></iframe><script type="text/javascript">
/* <![CDATA[ */
/*! This file is auto-generated */
!function(d,l){"use strict";l.querySelector&&d.addEventListener&&"undefined"!=typeof URL&&(d.wp=d.wp||{},d.wp.receiveEmbedMessage||(d.wp.receiveEmbedMessage=function(e){var t=e.data;if((t||t.secret||t.message||t.value)&&!/[^a-zA-Z0-9]/.test(t.secret)){for(var s,r,n,a=l.querySelectorAll('iframe[data-secret="'+t.secret+'"]'),o=l.querySelectorAll('blockquote[data-secret="'+t.secret+'"]'),c=new RegExp("^https?:$","i"),i=0;i<o.length;i++)o[i].style.display="none";for(i=0;i<a.length;i++)s=a[i],e.source===s.contentWindow&&(s.removeAttribute("style"),"height"===t.message?(1e3<(r=parseInt(t.value,10))?r=1e3:~~r<200&&(r=200),s.height=r):"link"===t.message&&(r=new URL(s.getAttribute("src")),n=new URL(t.value),c.test(n.protocol))&&n.host===r.host&&l.activeElement===s&&(d.top.location.href=t.value))}},d.addEventListener("message",d.wp.receiveEmbedMessage,!1),l.addEventListener("DOMContentLoaded",function(){for(var e,t,s=l.querySelectorAll("iframe.wp-embedded-content"),r=0;r<s.length;r++)(t=(e=s[r]).getAttribute("data-secret"))||(t=Math.random().toString(36).substring(2,12),e.src+="#?secret="+t,e.setAttribute("data-secret",t)),e.contentWindow.postMessage({message:"ready",secret:t},"*")},!1)))}(window,document);
/* ]]> */
</script>

David Penchyna Grub, director general del Infonavit, en gira de trabajo por Puebla, aseveró que este año estiman dar apoyos para la construcción de Ciudad Audi en la entidad, donde este año la Institución a su cargo estará realizando 400 viviendas a través de dos constructoras locales para entregarse en diciembre de este año.
