{"version":"1.0","provider_name":"Centro Urbano","provider_url":"https:\/\/centrourbano.com\/revista","author_name":"Mario V\u00e1zquez Barrios","author_url":"https:\/\/centrourbano.com\/revista\/author\/mario-vazquez\/","title":"Expone Senado ante Canadevi Ley de Ciudades y Territorio","type":"rich","width":600,"height":338,"html":"<blockquote class=\"wp-embedded-content\" data-secret=\"HY4Gh4fsYV\"><a href=\"https:\/\/centrourbano.com\/revista\/vivienda\/expone-senado-ante-canadevi-ley-ciudades-territorio\/\">Expone Senado ante Canadevi Ley de Ciudades y Territorio<\/a><\/blockquote><iframe sandbox=\"allow-scripts\" security=\"restricted\" src=\"https:\/\/centrourbano.com\/revista\/vivienda\/expone-senado-ante-canadevi-ley-ciudades-territorio\/embed\/#?secret=HY4Gh4fsYV\" width=\"600\" height=\"338\" title=\"\u00abExpone Senado ante Canadevi Ley de Ciudades y Territorio\u00bb \u2014 Centro Urbano\" data-secret=\"HY4Gh4fsYV\" frameborder=\"0\" marginwidth=\"0\" marginheight=\"0\" scrolling=\"no\" class=\"wp-embedded-content\"><\/iframe><script type=\"text\/javascript\">\n\/* <![CDATA[ *\/\n\/*! This file is auto-generated *\/\n!function(d,l){\"use strict\";l.querySelector&&d.addEventListener&&\"undefined\"!=typeof URL&&(d.wp=d.wp||{},d.wp.receiveEmbedMessage||(d.wp.receiveEmbedMessage=function(e){var t=e.data;if((t||t.secret||t.message||t.value)&&!\/[^a-zA-Z0-9]\/.test(t.secret)){for(var s,r,n,a=l.querySelectorAll('iframe[data-secret=\"'+t.secret+'\"]'),o=l.querySelectorAll('blockquote[data-secret=\"'+t.secret+'\"]'),c=new RegExp(\"^https?:$\",\"i\"),i=0;i<o.length;i++)o[i].style.display=\"none\";for(i=0;i<a.length;i++)s=a[i],e.source===s.contentWindow&&(s.removeAttribute(\"style\"),\"height\"===t.message?(1e3<(r=parseInt(t.value,10))?r=1e3:~~r<200&&(r=200),s.height=r):\"link\"===t.message&&(r=new URL(s.getAttribute(\"src\")),n=new URL(t.value),c.test(n.protocol))&&n.host===r.host&&l.activeElement===s&&(d.top.location.href=t.value))}},d.addEventListener(\"message\",d.wp.receiveEmbedMessage,!1),l.addEventListener(\"DOMContentLoaded\",function(){for(var e,t,s=l.querySelectorAll(\"iframe.wp-embedded-content\"),r=0;r<s.length;r++)(t=(e=s[r]).getAttribute(\"data-secret\"))||(t=Math.random().toString(36).substring(2,12),e.src+=\"#?secret=\"+t,e.setAttribute(\"data-secret\",t)),e.contentWindow.postMessage({message:\"ready\",secret:t},\"*\")},!1)))}(window,document);\n\/* ]]> *\/\n<\/script>\n","thumbnail_url":"https:\/\/centrourbano.com\/revista\/wp-content\/uploads\/Cana.jpg","thumbnail_width":980,"thumbnail_height":646,"description":"La senadora Ang\u00e9lica Araujo Lara durante la reuni\u00f3n que con el diputado federal Francisco Torres Rivas realizaron la exposici\u00f3n de la Ley de las Ciudades y el Territorio a integrantes de la C\u00e1mara Nacional de la Industria de Desarrollo y Promoci\u00f3n de Vivienda (Canadevi) Nacional delegaci\u00f3n Yucat\u00e1n, a fin de que los desarrolladores de vivienda aporten propuestas para mejorar la calidad de vida de los habitantes de ciudades que est\u00e9n en constante crecimiento, como es el caso de M\u00e9rida y su zona conurbada."}

Mario Vázquez Barrios

La senadora Angélica Araujo Lara durante la reunión que con el diputado federal Francisco Torres Rivas realizaron la exposición de la Ley de las Ciudades y el Territorio a integrantes de la Cámara Nacional de la Industria de Desarrollo y Promoción de Vivienda (Canadevi) Nacional delegación Yucatán, a fin de que los desarrolladores de vivienda aporten propuestas para mejorar la calidad de vida de los habitantes de ciudades que estén en constante crecimiento, como es el caso de Mérida y su zona conurbada.
