{"version":"1.0","provider_name":"Centro Urbano","provider_url":"https:\/\/centrourbano.com\/revista","author_name":"Yareth Casanova","author_url":"https:\/\/centrourbano.com\/revista\/author\/yarethcu\/","title":"Van por desarrollo sustentable en la zona metropolitana -","type":"rich","width":600,"height":338,"html":"<blockquote class=\"wp-embedded-content\" data-secret=\"V6V1SCPvvm\"><a href=\"https:\/\/centrourbano.com\/revista\/urbanismo\/van-desarrollo-sustentable-la-zona-metropolitana\/\">Van por desarrollo sustentable en la zona metropolitana<\/a><\/blockquote><iframe sandbox=\"allow-scripts\" security=\"restricted\" src=\"https:\/\/centrourbano.com\/revista\/urbanismo\/van-desarrollo-sustentable-la-zona-metropolitana\/embed\/#?secret=V6V1SCPvvm\" width=\"600\" height=\"338\" title=\"\u00abVan por desarrollo sustentable en la zona metropolitana\u00bb \u2014 Centro Urbano\" data-secret=\"V6V1SCPvvm\" frameborder=\"0\" marginwidth=\"0\" marginheight=\"0\" scrolling=\"no\" class=\"wp-embedded-content\"><\/iframe><script type=\"text\/javascript\">\n\/* <![CDATA[ *\/\n\/*! This file is auto-generated *\/\n!function(d,l){\"use strict\";l.querySelector&&d.addEventListener&&\"undefined\"!=typeof URL&&(d.wp=d.wp||{},d.wp.receiveEmbedMessage||(d.wp.receiveEmbedMessage=function(e){var t=e.data;if((t||t.secret||t.message||t.value)&&!\/[^a-zA-Z0-9]\/.test(t.secret)){for(var s,r,n,a=l.querySelectorAll('iframe[data-secret=\"'+t.secret+'\"]'),o=l.querySelectorAll('blockquote[data-secret=\"'+t.secret+'\"]'),c=new RegExp(\"^https?:$\",\"i\"),i=0;i<o.length;i++)o[i].style.display=\"none\";for(i=0;i<a.length;i++)s=a[i],e.source===s.contentWindow&&(s.removeAttribute(\"style\"),\"height\"===t.message?(1e3<(r=parseInt(t.value,10))?r=1e3:~~r<200&&(r=200),s.height=r):\"link\"===t.message&&(r=new URL(s.getAttribute(\"src\")),n=new URL(t.value),c.test(n.protocol))&&n.host===r.host&&l.activeElement===s&&(d.top.location.href=t.value))}},d.addEventListener(\"message\",d.wp.receiveEmbedMessage,!1),l.addEventListener(\"DOMContentLoaded\",function(){for(var e,t,s=l.querySelectorAll(\"iframe.wp-embedded-content\"),r=0;r<s.length;r++)(t=(e=s[r]).getAttribute(\"data-secret\"))||(t=Math.random().toString(36).substring(2,12),e.src+=\"#?secret=\"+t,e.setAttribute(\"data-secret\",t)),e.contentWindow.postMessage({message:\"ready\",secret:t},\"*\")},!1)))}(window,document);\n\/* ]]> *\/\n<\/script>\n","thumbnail_url":"https:\/\/centrourbano.com\/revista\/wp-content\/uploads\/75229929-4221-4f06-a618-9691fd92ae4a-e1462892728615.jpg","thumbnail_width":580,"thumbnail_height":387,"description":"Durante el foro \u201cCiudad de M\u00e9xico: Aportes al proceso de elaboraci\u00f3n de su Constituci\u00f3n\u201d, organizado por el Instituto de Investigaciones Jur\u00eddicas (IIJ) de la Universidad Nacional Aut\u00f3noma de M\u00e9xico (UNAM), la senadora Ana Lilia Herrera afirm\u00f3 que una efectiva coordinaci\u00f3n metropolitana requiere confianza y responsabilidad."}

Durante el foro “Ciudad de México: Aportes al proceso de elaboración de su Constitución”, organizado por el Instituto de Investigaciones Jurídicas (IIJ) de la Universidad Nacional Autónoma de México (UNAM), la senadora Ana Lilia Herrera afirmó que una efectiva coordinación metropolitana requiere confianza y responsabilidad.
