{"version":"1.0","provider_name":"Centro Urbano","provider_url":"https:\/\/centrourbano.com\/revista","author_name":"Diego Rodr\u00edguez","author_url":"https:\/\/centrourbano.com\/revista\/author\/diegorodriguez\/","title":"M\u00e9xico trabaja por el derecho a las ciudades -","type":"rich","width":600,"height":338,"html":"<blockquote class=\"wp-embedded-content\" data-secret=\"L5XivsQsWi\"><a href=\"https:\/\/centrourbano.com\/revista\/urbanismo\/mexico-trabaja-por-el-derecho-a-las-ciudades\/\">M\u00e9xico trabaja por el derecho a las ciudades<\/a><\/blockquote><iframe sandbox=\"allow-scripts\" security=\"restricted\" src=\"https:\/\/centrourbano.com\/revista\/urbanismo\/mexico-trabaja-por-el-derecho-a-las-ciudades\/embed\/#?secret=L5XivsQsWi\" width=\"600\" height=\"338\" title=\"\u00abM\u00e9xico trabaja por el derecho a las ciudades\u00bb \u2014 Centro Urbano\" data-secret=\"L5XivsQsWi\" frameborder=\"0\" marginwidth=\"0\" marginheight=\"0\" scrolling=\"no\" class=\"wp-embedded-content\"><\/iframe><script type=\"text\/javascript\">\n\/* <![CDATA[ *\/\n\/*! This file is auto-generated *\/\n!function(d,l){\"use strict\";l.querySelector&&d.addEventListener&&\"undefined\"!=typeof URL&&(d.wp=d.wp||{},d.wp.receiveEmbedMessage||(d.wp.receiveEmbedMessage=function(e){var t=e.data;if((t||t.secret||t.message||t.value)&&!\/[^a-zA-Z0-9]\/.test(t.secret)){for(var s,r,n,a=l.querySelectorAll('iframe[data-secret=\"'+t.secret+'\"]'),o=l.querySelectorAll('blockquote[data-secret=\"'+t.secret+'\"]'),c=new RegExp(\"^https?:$\",\"i\"),i=0;i<o.length;i++)o[i].style.display=\"none\";for(i=0;i<a.length;i++)s=a[i],e.source===s.contentWindow&&(s.removeAttribute(\"style\"),\"height\"===t.message?(1e3<(r=parseInt(t.value,10))?r=1e3:~~r<200&&(r=200),s.height=r):\"link\"===t.message&&(r=new URL(s.getAttribute(\"src\")),n=new URL(t.value),c.test(n.protocol))&&n.host===r.host&&l.activeElement===s&&(d.top.location.href=t.value))}},d.addEventListener(\"message\",d.wp.receiveEmbedMessage,!1),l.addEventListener(\"DOMContentLoaded\",function(){for(var e,t,s=l.querySelectorAll(\"iframe.wp-embedded-content\"),r=0;r<s.length;r++)(t=(e=s[r]).getAttribute(\"data-secret\"))||(t=Math.random().toString(36).substring(2,12),e.src+=\"#?secret=\"+t,e.setAttribute(\"data-secret\",t)),e.contentWindow.postMessage({message:\"ready\",secret:t},\"*\")},!1)))}(window,document);\n\/* ]]> *\/\n<\/script>\n","thumbnail_url":"https:\/\/centrourbano.com\/revista\/wp-content\/uploads\/malasia-e1518129965238.jpg","thumbnail_width":800,"thumbnail_height":600,"description":"El pa\u00eds est\u00e1 cada vez m\u00e1s comprometido con la implementaci\u00f3n de la Nueva Agenda Urbana, ya que se defini\u00f3 una nueva Pol\u00edtica Nacional de Vivienda, misma que cambi\u00f3 el paradigma de c\u00f3mo se constru\u00edan las viviendas, por lo que ahora esta actividad es entendida como parte fundamental para la construcci\u00f3n de ciudades compactas, seguras e incluyentes."}

Diego Rodríguez

México trabaja por el derecho a las ciudades -

<blockquote class="wp-embedded-content" data-secret="L5XivsQsWi"><a href="https://centrourbano.com/revista/urbanismo/mexico-trabaja-por-el-derecho-a-las-ciudades/">México trabaja por el derecho a las ciudades</a></blockquote><iframe sandbox="allow-scripts" security="restricted" src="https://centrourbano.com/revista/urbanismo/mexico-trabaja-por-el-derecho-a-las-ciudades/embed/#?secret=L5XivsQsWi" width="600" height="338" title="«México trabaja por el derecho a las ciudades» — Centro Urbano" data-secret="L5XivsQsWi" frameborder="0" marginwidth="0" marginheight="0" scrolling="no" class="wp-embedded-content"></iframe><script type="text/javascript">
/* <![CDATA[ */
/*! This file is auto-generated */
!function(d,l){"use strict";l.querySelector&&d.addEventListener&&"undefined"!=typeof URL&&(d.wp=d.wp||{},d.wp.receiveEmbedMessage||(d.wp.receiveEmbedMessage=function(e){var t=e.data;if((t||t.secret||t.message||t.value)&&!/[^a-zA-Z0-9]/.test(t.secret)){for(var s,r,n,a=l.querySelectorAll('iframe[data-secret="'+t.secret+'"]'),o=l.querySelectorAll('blockquote[data-secret="'+t.secret+'"]'),c=new RegExp("^https?:$","i"),i=0;i<o.length;i++)o[i].style.display="none";for(i=0;i<a.length;i++)s=a[i],e.source===s.contentWindow&&(s.removeAttribute("style"),"height"===t.message?(1e3<(r=parseInt(t.value,10))?r=1e3:~~r<200&&(r=200),s.height=r):"link"===t.message&&(r=new URL(s.getAttribute("src")),n=new URL(t.value),c.test(n.protocol))&&n.host===r.host&&l.activeElement===s&&(d.top.location.href=t.value))}},d.addEventListener("message",d.wp.receiveEmbedMessage,!1),l.addEventListener("DOMContentLoaded",function(){for(var e,t,s=l.querySelectorAll("iframe.wp-embedded-content"),r=0;r<s.length;r++)(t=(e=s[r]).getAttribute("data-secret"))||(t=Math.random().toString(36).substring(2,12),e.src+="#?secret="+t,e.setAttribute("data-secret",t)),e.contentWindow.postMessage({message:"ready",secret:t},"*")},!1)))}(window,document);
/* ]]> */
</script>

El país está cada vez más comprometido con la implementación de la Nueva Agenda Urbana, ya que se definió una nueva Política Nacional de Vivienda, misma que cambió el paradigma de cómo se construían las viviendas, por lo que ahora esta actividad es entendida como parte fundamental para la construcción de ciudades compactas, seguras e incluyentes.
