{"version":"1.0","provider_name":"Centro Urbano","provider_url":"https:\/\/centrourbano.com\/revista","author_name":"Yareth Casanova","author_url":"https:\/\/centrourbano.com\/revista\/author\/yarethcu\/","title":"Llevan a cabo reforestaci\u00f3n por d\u00eda del ni\u00f1o y de la ni\u00f1a -","type":"rich","width":600,"height":338,"html":"<blockquote class=\"wp-embedded-content\" data-secret=\"J7owPNe96p\"><a href=\"https:\/\/centrourbano.com\/revista\/urbanismo\/llevan-cabo-reforestacion-dia-del-nino-la-nina\/\">Llevan a cabo reforestaci\u00f3n por d\u00eda del ni\u00f1o y de la ni\u00f1a<\/a><\/blockquote><iframe sandbox=\"allow-scripts\" security=\"restricted\" src=\"https:\/\/centrourbano.com\/revista\/urbanismo\/llevan-cabo-reforestacion-dia-del-nino-la-nina\/embed\/#?secret=J7owPNe96p\" width=\"600\" height=\"338\" title=\"\u00abLlevan a cabo reforestaci\u00f3n por d\u00eda del ni\u00f1o y de la ni\u00f1a\u00bb \u2014 Centro Urbano\" data-secret=\"J7owPNe96p\" frameborder=\"0\" marginwidth=\"0\" marginheight=\"0\" scrolling=\"no\" class=\"wp-embedded-content\"><\/iframe><script type=\"text\/javascript\">\n\/* <![CDATA[ *\/\n\/*! This file is auto-generated *\/\n!function(d,l){\"use strict\";l.querySelector&&d.addEventListener&&\"undefined\"!=typeof URL&&(d.wp=d.wp||{},d.wp.receiveEmbedMessage||(d.wp.receiveEmbedMessage=function(e){var t=e.data;if((t||t.secret||t.message||t.value)&&!\/[^a-zA-Z0-9]\/.test(t.secret)){for(var s,r,n,a=l.querySelectorAll('iframe[data-secret=\"'+t.secret+'\"]'),o=l.querySelectorAll('blockquote[data-secret=\"'+t.secret+'\"]'),c=new RegExp(\"^https?:$\",\"i\"),i=0;i<o.length;i++)o[i].style.display=\"none\";for(i=0;i<a.length;i++)s=a[i],e.source===s.contentWindow&&(s.removeAttribute(\"style\"),\"height\"===t.message?(1e3<(r=parseInt(t.value,10))?r=1e3:~~r<200&&(r=200),s.height=r):\"link\"===t.message&&(r=new URL(s.getAttribute(\"src\")),n=new URL(t.value),c.test(n.protocol))&&n.host===r.host&&l.activeElement===s&&(d.top.location.href=t.value))}},d.addEventListener(\"message\",d.wp.receiveEmbedMessage,!1),l.addEventListener(\"DOMContentLoaded\",function(){for(var e,t,s=l.querySelectorAll(\"iframe.wp-embedded-content\"),r=0;r<s.length;r++)(t=(e=s[r]).getAttribute(\"data-secret\"))||(t=Math.random().toString(36).substring(2,12),e.src+=\"#?secret=\"+t,e.setAttribute(\"data-secret\",t)),e.contentWindow.postMessage({message:\"ready\",secret:t},\"*\")},!1)))}(window,document);\n\/* ]]> *\/\n<\/script>\n","thumbnail_url":"https:\/\/centrourbano.com\/revista\/wp-content\/uploads\/300416-MIGUEL-NGEL-MANCERA-JORNADA-DE-REFORESTACION-DEL-D-A-DEL-NI-O-9-768x584-copia-e1462290669663.jpg","thumbnail_width":580,"thumbnail_height":441,"description":"El pasado 30 de abril se realiz\u00f3 la Jornada de Reforestaci\u00f3n del d\u00eda del ni\u00f1o y de la ni\u00f1a, con el fin de generar conciencia en los menores sobre la importancia de cuidar el medio ambiente. Los menores recibieron una planta de la especie \u201csuculenta\u201d, con folletos informativos para mantenerla sana y recomendaciones para cuidar el medio ambiente."}

Llevan a cabo reforestación por día del niño y de la niña -

<blockquote class="wp-embedded-content" data-secret="J7owPNe96p"><a href="https://centrourbano.com/revista/urbanismo/llevan-cabo-reforestacion-dia-del-nino-la-nina/">Llevan a cabo reforestación por día del niño y de la niña</a></blockquote><iframe sandbox="allow-scripts" security="restricted" src="https://centrourbano.com/revista/urbanismo/llevan-cabo-reforestacion-dia-del-nino-la-nina/embed/#?secret=J7owPNe96p" width="600" height="338" title="«Llevan a cabo reforestación por día del niño y de la niña» — Centro Urbano" data-secret="J7owPNe96p" frameborder="0" marginwidth="0" marginheight="0" scrolling="no" class="wp-embedded-content"></iframe><script type="text/javascript">
/* <![CDATA[ */
/*! This file is auto-generated */
!function(d,l){"use strict";l.querySelector&&d.addEventListener&&"undefined"!=typeof URL&&(d.wp=d.wp||{},d.wp.receiveEmbedMessage||(d.wp.receiveEmbedMessage=function(e){var t=e.data;if((t||t.secret||t.message||t.value)&&!/[^a-zA-Z0-9]/.test(t.secret)){for(var s,r,n,a=l.querySelectorAll('iframe[data-secret="'+t.secret+'"]'),o=l.querySelectorAll('blockquote[data-secret="'+t.secret+'"]'),c=new RegExp("^https?:$","i"),i=0;i<o.length;i++)o[i].style.display="none";for(i=0;i<a.length;i++)s=a[i],e.source===s.contentWindow&&(s.removeAttribute("style"),"height"===t.message?(1e3<(r=parseInt(t.value,10))?r=1e3:~~r<200&&(r=200),s.height=r):"link"===t.message&&(r=new URL(s.getAttribute("src")),n=new URL(t.value),c.test(n.protocol))&&n.host===r.host&&l.activeElement===s&&(d.top.location.href=t.value))}},d.addEventListener("message",d.wp.receiveEmbedMessage,!1),l.addEventListener("DOMContentLoaded",function(){for(var e,t,s=l.querySelectorAll("iframe.wp-embedded-content"),r=0;r<s.length;r++)(t=(e=s[r]).getAttribute("data-secret"))||(t=Math.random().toString(36).substring(2,12),e.src+="#?secret="+t,e.setAttribute("data-secret",t)),e.contentWindow.postMessage({message:"ready",secret:t},"*")},!1)))}(window,document);
/* ]]> */
</script>

El pasado 30 de abril se realizó la Jornada de Reforestación del día del niño y de la niña, con el fin de generar conciencia en los menores sobre la importancia de cuidar el medio ambiente. Los menores recibieron una planta de la especie “suculenta”, con folletos informativos para mantenerla sana y recomendaciones para cuidar el medio ambiente.
