{"version":"1.0","provider_name":"Centro Urbano","provider_url":"https:\/\/centrourbano.com\/revista","author_name":"Hanae Pacheco","author_url":"https:\/\/centrourbano.com\/revista\/author\/hanae-pacheco\/","title":"Comparece titular de AEP ante ALDF para explicar asignaciones -","type":"rich","width":600,"height":338,"html":"<blockquote class=\"wp-embedded-content\" data-secret=\"uLe2g5AFIM\"><a href=\"https:\/\/centrourbano.com\/revista\/urbanismo\/comparece-titular-aep-ante-aldf-explicar-asignaciones\/\">Comparece titular de AEP ante ALDF para explicar asignaciones<\/a><\/blockquote><iframe sandbox=\"allow-scripts\" security=\"restricted\" src=\"https:\/\/centrourbano.com\/revista\/urbanismo\/comparece-titular-aep-ante-aldf-explicar-asignaciones\/embed\/#?secret=uLe2g5AFIM\" width=\"600\" height=\"338\" title=\"\u00abComparece titular de AEP ante ALDF para explicar asignaciones\u00bb \u2014 Centro Urbano\" data-secret=\"uLe2g5AFIM\" frameborder=\"0\" marginwidth=\"0\" marginheight=\"0\" scrolling=\"no\" class=\"wp-embedded-content\"><\/iframe><script type=\"text\/javascript\">\n\/* <![CDATA[ *\/\n\/*! This file is auto-generated *\/\n!function(d,l){\"use strict\";l.querySelector&&d.addEventListener&&\"undefined\"!=typeof URL&&(d.wp=d.wp||{},d.wp.receiveEmbedMessage||(d.wp.receiveEmbedMessage=function(e){var t=e.data;if((t||t.secret||t.message||t.value)&&!\/[^a-zA-Z0-9]\/.test(t.secret)){for(var s,r,n,a=l.querySelectorAll('iframe[data-secret=\"'+t.secret+'\"]'),o=l.querySelectorAll('blockquote[data-secret=\"'+t.secret+'\"]'),c=new RegExp(\"^https?:$\",\"i\"),i=0;i<o.length;i++)o[i].style.display=\"none\";for(i=0;i<a.length;i++)s=a[i],e.source===s.contentWindow&&(s.removeAttribute(\"style\"),\"height\"===t.message?(1e3<(r=parseInt(t.value,10))?r=1e3:~~r<200&&(r=200),s.height=r):\"link\"===t.message&&(r=new URL(s.getAttribute(\"src\")),n=new URL(t.value),c.test(n.protocol))&&n.host===r.host&&l.activeElement===s&&(d.top.location.href=t.value))}},d.addEventListener(\"message\",d.wp.receiveEmbedMessage,!1),l.addEventListener(\"DOMContentLoaded\",function(){for(var e,t,s=l.querySelectorAll(\"iframe.wp-embedded-content\"),r=0;r<s.length;r++)(t=(e=s[r]).getAttribute(\"data-secret\"))||(t=Math.random().toString(36).substring(2,12),e.src+=\"#?secret=\"+t,e.setAttribute(\"data-secret\",t)),e.contentWindow.postMessage({message:\"ready\",secret:t},\"*\")},!1)))}(window,document);\n\/* ]]> *\/\n<\/script>\n","thumbnail_url":"https:\/\/centrourbano.com\/revista\/wp-content\/uploads\/Roberto-Remes-1.jpg","thumbnail_width":1200,"thumbnail_height":900,"description":"Roberto Remes Tello, coordinador de la Autoridad del Espacio P\u00fablico (AEP) y conocido en redes como \u201cRey Peat\u00f3n\u201d, presentar\u00e1 ante las comisiones de Administraci\u00f3n P\u00fablica Local y de Desarrollo e Infraestructura Urbana, un informe detallado sobre el destino de los recursos recaudados, temas de publicidad exterior y criterios de asignaci\u00f3n de los Permisos Administrativos Temporales Revocables (PATR)."}

Roberto Remes Tello, coordinador de la Autoridad del Espacio Público (AEP) y conocido en redes como “Rey Peatón”, presentará ante las comisiones de Administración Pública Local y de Desarrollo e Infraestructura Urbana, un informe detallado sobre el destino de los recursos recaudados, temas de publicidad exterior y criterios de asignación de los Permisos Administrativos Temporales Revocables (PATR).
