{"version":"1.0","provider_name":"Centro Urbano","provider_url":"https:\/\/centrourbano.com\/revista","author_name":"Diego Rodr\u00edguez","author_url":"https:\/\/centrourbano.com\/revista\/author\/diegorodriguez\/","title":"Sector inmobiliario, motor de la econom\u00eda: Mancera","type":"rich","width":600,"height":338,"html":"<blockquote class=\"wp-embedded-content\" data-secret=\"fZYQn6Pje4\"><a href=\"https:\/\/centrourbano.com\/revista\/publicaciones\/sector-inmobiliario-motor-la-economia-mancera\/\">Sector inmobiliario, motor de la econom\u00eda: Mancera<\/a><\/blockquote><iframe sandbox=\"allow-scripts\" security=\"restricted\" src=\"https:\/\/centrourbano.com\/revista\/publicaciones\/sector-inmobiliario-motor-la-economia-mancera\/embed\/#?secret=fZYQn6Pje4\" width=\"600\" height=\"338\" title=\"\u00abSector inmobiliario, motor de la econom\u00eda: Mancera\u00bb \u2014 Centro Urbano\" data-secret=\"fZYQn6Pje4\" frameborder=\"0\" marginwidth=\"0\" marginheight=\"0\" scrolling=\"no\" class=\"wp-embedded-content\"><\/iframe><script type=\"text\/javascript\">\n\/* <![CDATA[ *\/\n\/*! This file is auto-generated *\/\n!function(d,l){\"use strict\";l.querySelector&&d.addEventListener&&\"undefined\"!=typeof URL&&(d.wp=d.wp||{},d.wp.receiveEmbedMessage||(d.wp.receiveEmbedMessage=function(e){var t=e.data;if((t||t.secret||t.message||t.value)&&!\/[^a-zA-Z0-9]\/.test(t.secret)){for(var s,r,n,a=l.querySelectorAll('iframe[data-secret=\"'+t.secret+'\"]'),o=l.querySelectorAll('blockquote[data-secret=\"'+t.secret+'\"]'),c=new RegExp(\"^https?:$\",\"i\"),i=0;i<o.length;i++)o[i].style.display=\"none\";for(i=0;i<a.length;i++)s=a[i],e.source===s.contentWindow&&(s.removeAttribute(\"style\"),\"height\"===t.message?(1e3<(r=parseInt(t.value,10))?r=1e3:~~r<200&&(r=200),s.height=r):\"link\"===t.message&&(r=new URL(s.getAttribute(\"src\")),n=new URL(t.value),c.test(n.protocol))&&n.host===r.host&&l.activeElement===s&&(d.top.location.href=t.value))}},d.addEventListener(\"message\",d.wp.receiveEmbedMessage,!1),l.addEventListener(\"DOMContentLoaded\",function(){for(var e,t,s=l.querySelectorAll(\"iframe.wp-embedded-content\"),r=0;r<s.length;r++)(t=(e=s[r]).getAttribute(\"data-secret\"))||(t=Math.random().toString(36).substring(2,12),e.src+=\"#?secret=\"+t,e.setAttribute(\"data-secret\",t)),e.contentWindow.postMessage({message:\"ready\",secret:t},\"*\")},!1)))}(window,document);\n\/* ]]> *\/\n<\/script>\n","thumbnail_url":"https:\/\/centrourbano.com\/revista\/wp-content\/uploads\/200416-MIGUEL-\u00c1NGEL-MANCERA-THE-REAL-ESTATE-SHOW-7.jpg","thumbnail_width":781,"thumbnail_height":668,"description":"Miguel \u00c1ngel Mancera, jefe de Gobierno de la Ciudad de M\u00e9xico reconoci\u00f3 el trabajo que realiza la Asociaci\u00f3n de Desarrolladores Inmobiliarios (ADI), ya que con las inversiones millonarias todos ganan en la ciudad, pues se generan fuentes de empleo, incrementa la plusval\u00eda de la ciudad y se proyecta a nivel internacional"}

Diego Rodríguez

Sector inmobiliario, motor de la economía: Mancera

<blockquote class="wp-embedded-content" data-secret="fZYQn6Pje4"><a href="https://centrourbano.com/revista/publicaciones/sector-inmobiliario-motor-la-economia-mancera/">Sector inmobiliario, motor de la economía: Mancera</a></blockquote><iframe sandbox="allow-scripts" security="restricted" src="https://centrourbano.com/revista/publicaciones/sector-inmobiliario-motor-la-economia-mancera/embed/#?secret=fZYQn6Pje4" width="600" height="338" title="«Sector inmobiliario, motor de la economía: Mancera» — Centro Urbano" data-secret="fZYQn6Pje4" frameborder="0" marginwidth="0" marginheight="0" scrolling="no" class="wp-embedded-content"></iframe><script type="text/javascript">
/* <![CDATA[ */
/*! This file is auto-generated */
!function(d,l){"use strict";l.querySelector&&d.addEventListener&&"undefined"!=typeof URL&&(d.wp=d.wp||{},d.wp.receiveEmbedMessage||(d.wp.receiveEmbedMessage=function(e){var t=e.data;if((t||t.secret||t.message||t.value)&&!/[^a-zA-Z0-9]/.test(t.secret)){for(var s,r,n,a=l.querySelectorAll('iframe[data-secret="'+t.secret+'"]'),o=l.querySelectorAll('blockquote[data-secret="'+t.secret+'"]'),c=new RegExp("^https?:$","i"),i=0;i<o.length;i++)o[i].style.display="none";for(i=0;i<a.length;i++)s=a[i],e.source===s.contentWindow&&(s.removeAttribute("style"),"height"===t.message?(1e3<(r=parseInt(t.value,10))?r=1e3:~~r<200&&(r=200),s.height=r):"link"===t.message&&(r=new URL(s.getAttribute("src")),n=new URL(t.value),c.test(n.protocol))&&n.host===r.host&&l.activeElement===s&&(d.top.location.href=t.value))}},d.addEventListener("message",d.wp.receiveEmbedMessage,!1),l.addEventListener("DOMContentLoaded",function(){for(var e,t,s=l.querySelectorAll("iframe.wp-embedded-content"),r=0;r<s.length;r++)(t=(e=s[r]).getAttribute("data-secret"))||(t=Math.random().toString(36).substring(2,12),e.src+="#?secret="+t,e.setAttribute("data-secret",t)),e.contentWindow.postMessage({message:"ready",secret:t},"*")},!1)))}(window,document);
/* ]]> */
</script>

https://centrourbano.com/revista/wp-content/uploads/200416-MIGUEL-ÁNGEL-MANCERA-THE-REAL-ESTATE-SHOW-7.jpg

Miguel Ángel Mancera, jefe de Gobierno de la Ciudad de México reconoció el trabajo que realiza la Asociación de Desarrolladores Inmobiliarios (ADI), ya que con las inversiones millonarias todos ganan en la ciudad, pues se generan fuentes de empleo, incrementa la plusvalía de la ciudad y se proyecta a nivel internacional
