{"version":"1.0","provider_name":"Centro Urbano","provider_url":"https:\/\/centrourbano.com\/revista","author_name":"Diego Rodr\u00edguez","author_url":"https:\/\/centrourbano.com\/revista\/author\/diegorodriguez\/","title":"Se consolida cl\u00faster automotriz de Guanajuato: M\u00e1rquez -","type":"rich","width":600,"height":338,"html":"<blockquote class=\"wp-embedded-content\" data-secret=\"5aEFsgObRN\"><a href=\"https:\/\/centrourbano.com\/revista\/inmobiliario\/se-consolida-cluster-automotriz-guanajuato-marquez\/\">Se consolida cl\u00faster automotriz de Guanajuato: M\u00e1rquez<\/a><\/blockquote><iframe sandbox=\"allow-scripts\" security=\"restricted\" src=\"https:\/\/centrourbano.com\/revista\/inmobiliario\/se-consolida-cluster-automotriz-guanajuato-marquez\/embed\/#?secret=5aEFsgObRN\" width=\"600\" height=\"338\" title=\"\u00abSe consolida cl\u00faster automotriz de Guanajuato: M\u00e1rquez\u00bb \u2014 Centro Urbano\" data-secret=\"5aEFsgObRN\" frameborder=\"0\" marginwidth=\"0\" marginheight=\"0\" scrolling=\"no\" class=\"wp-embedded-content\"><\/iframe><script type=\"text\/javascript\">\n\/* <![CDATA[ *\/\n\/*! This file is auto-generated *\/\n!function(d,l){\"use strict\";l.querySelector&&d.addEventListener&&\"undefined\"!=typeof URL&&(d.wp=d.wp||{},d.wp.receiveEmbedMessage||(d.wp.receiveEmbedMessage=function(e){var t=e.data;if((t||t.secret||t.message||t.value)&&!\/[^a-zA-Z0-9]\/.test(t.secret)){for(var s,r,n,a=l.querySelectorAll('iframe[data-secret=\"'+t.secret+'\"]'),o=l.querySelectorAll('blockquote[data-secret=\"'+t.secret+'\"]'),c=new RegExp(\"^https?:$\",\"i\"),i=0;i<o.length;i++)o[i].style.display=\"none\";for(i=0;i<a.length;i++)s=a[i],e.source===s.contentWindow&&(s.removeAttribute(\"style\"),\"height\"===t.message?(1e3<(r=parseInt(t.value,10))?r=1e3:~~r<200&&(r=200),s.height=r):\"link\"===t.message&&(r=new URL(s.getAttribute(\"src\")),n=new URL(t.value),c.test(n.protocol))&&n.host===r.host&&l.activeElement===s&&(d.top.location.href=t.value))}},d.addEventListener(\"message\",d.wp.receiveEmbedMessage,!1),l.addEventListener(\"DOMContentLoaded\",function(){for(var e,t,s=l.querySelectorAll(\"iframe.wp-embedded-content\"),r=0;r<s.length;r++)(t=(e=s[r]).getAttribute(\"data-secret\"))||(t=Math.random().toString(36).substring(2,12),e.src+=\"#?secret=\"+t,e.setAttribute(\"data-secret\",t)),e.contentWindow.postMessage({message:\"ready\",secret:t},\"*\")},!1)))}(window,document);\n\/* ]]> *\/\n<\/script>\n","thumbnail_url":"https:\/\/centrourbano.com\/revista\/wp-content\/uploads\/mazda.jpg","thumbnail_width":1024,"thumbnail_height":683,"description":"Al celebrar la fabricaci\u00f3n del veh\u00edculo 500,000 en la Planta de Mazda, el gobernador de Guanajuato, Miguel M\u00e1rquez, asegur\u00f3 que la entidad se consolida como la m\u00e1s din\u00e1mica en el sector automotriz, pues es la primera vez que la compa\u00f1\u00eda logra esta cantidad en un lapso de 36 meses."}

Diego Rodríguez

Se consolida clúster automotriz de Guanajuato: Márquez -

<blockquote class="wp-embedded-content" data-secret="5aEFsgObRN"><a href="https://centrourbano.com/revista/inmobiliario/se-consolida-cluster-automotriz-guanajuato-marquez/">Se consolida clúster automotriz de Guanajuato: Márquez</a></blockquote><iframe sandbox="allow-scripts" security="restricted" src="https://centrourbano.com/revista/inmobiliario/se-consolida-cluster-automotriz-guanajuato-marquez/embed/#?secret=5aEFsgObRN" width="600" height="338" title="«Se consolida clúster automotriz de Guanajuato: Márquez» — Centro Urbano" data-secret="5aEFsgObRN" frameborder="0" marginwidth="0" marginheight="0" scrolling="no" class="wp-embedded-content"></iframe><script type="text/javascript">
/* <![CDATA[ */
/*! This file is auto-generated */
!function(d,l){"use strict";l.querySelector&&d.addEventListener&&"undefined"!=typeof URL&&(d.wp=d.wp||{},d.wp.receiveEmbedMessage||(d.wp.receiveEmbedMessage=function(e){var t=e.data;if((t||t.secret||t.message||t.value)&&!/[^a-zA-Z0-9]/.test(t.secret)){for(var s,r,n,a=l.querySelectorAll('iframe[data-secret="'+t.secret+'"]'),o=l.querySelectorAll('blockquote[data-secret="'+t.secret+'"]'),c=new RegExp("^https?:$","i"),i=0;i<o.length;i++)o[i].style.display="none";for(i=0;i<a.length;i++)s=a[i],e.source===s.contentWindow&&(s.removeAttribute("style"),"height"===t.message?(1e3<(r=parseInt(t.value,10))?r=1e3:~~r<200&&(r=200),s.height=r):"link"===t.message&&(r=new URL(s.getAttribute("src")),n=new URL(t.value),c.test(n.protocol))&&n.host===r.host&&l.activeElement===s&&(d.top.location.href=t.value))}},d.addEventListener("message",d.wp.receiveEmbedMessage,!1),l.addEventListener("DOMContentLoaded",function(){for(var e,t,s=l.querySelectorAll("iframe.wp-embedded-content"),r=0;r<s.length;r++)(t=(e=s[r]).getAttribute("data-secret"))||(t=Math.random().toString(36).substring(2,12),e.src+="#?secret="+t,e.setAttribute("data-secret",t)),e.contentWindow.postMessage({message:"ready",secret:t},"*")},!1)))}(window,document);
/* ]]> */
</script>

Al celebrar la fabricación del vehículo 500,000 en la Planta de Mazda, el gobernador de Guanajuato, Miguel Márquez, aseguró que la entidad se consolida como la más dinámica en el sector automotriz, pues es la primera vez que la compañía logra esta cantidad en un lapso de 36 meses.
