{"version":"1.0","provider_name":"Centro Urbano","provider_url":"https:\/\/centrourbano.com\/revista","author_name":"Diego Rodr\u00edguez","author_url":"https:\/\/centrourbano.com\/revista\/author\/diegorodriguez\/","title":"Incrementaron los pasajeros del GAP durante septiembre -","type":"rich","width":600,"height":338,"html":"<blockquote class=\"wp-embedded-content\" data-secret=\"SCY17GoKpP\"><a href=\"https:\/\/centrourbano.com\/revista\/inmobiliario\/incrementaron-los-pasajeros-del-gap-septiembre\/\">Incrementaron los pasajeros del GAP durante septiembre<\/a><\/blockquote><iframe sandbox=\"allow-scripts\" security=\"restricted\" src=\"https:\/\/centrourbano.com\/revista\/inmobiliario\/incrementaron-los-pasajeros-del-gap-septiembre\/embed\/#?secret=SCY17GoKpP\" width=\"600\" height=\"338\" title=\"\u00abIncrementaron los pasajeros del GAP durante septiembre\u00bb \u2014 Centro Urbano\" data-secret=\"SCY17GoKpP\" frameborder=\"0\" marginwidth=\"0\" marginheight=\"0\" scrolling=\"no\" class=\"wp-embedded-content\"><\/iframe><script type=\"text\/javascript\">\n\/* <![CDATA[ *\/\n\/*! This file is auto-generated *\/\n!function(d,l){\"use strict\";l.querySelector&&d.addEventListener&&\"undefined\"!=typeof URL&&(d.wp=d.wp||{},d.wp.receiveEmbedMessage||(d.wp.receiveEmbedMessage=function(e){var t=e.data;if((t||t.secret||t.message||t.value)&&!\/[^a-zA-Z0-9]\/.test(t.secret)){for(var s,r,n,a=l.querySelectorAll('iframe[data-secret=\"'+t.secret+'\"]'),o=l.querySelectorAll('blockquote[data-secret=\"'+t.secret+'\"]'),c=new RegExp(\"^https?:$\",\"i\"),i=0;i<o.length;i++)o[i].style.display=\"none\";for(i=0;i<a.length;i++)s=a[i],e.source===s.contentWindow&&(s.removeAttribute(\"style\"),\"height\"===t.message?(1e3<(r=parseInt(t.value,10))?r=1e3:~~r<200&&(r=200),s.height=r):\"link\"===t.message&&(r=new URL(s.getAttribute(\"src\")),n=new URL(t.value),c.test(n.protocol))&&n.host===r.host&&l.activeElement===s&&(d.top.location.href=t.value))}},d.addEventListener(\"message\",d.wp.receiveEmbedMessage,!1),l.addEventListener(\"DOMContentLoaded\",function(){for(var e,t,s=l.querySelectorAll(\"iframe.wp-embedded-content\"),r=0;r<s.length;r++)(t=(e=s[r]).getAttribute(\"data-secret\"))||(t=Math.random().toString(36).substring(2,12),e.src+=\"#?secret=\"+t,e.setAttribute(\"data-secret\",t)),e.contentWindow.postMessage({message:\"ready\",secret:t},\"*\")},!1)))}(window,document);\n\/* ]]> *\/\n<\/script>\n","thumbnail_url":"https:\/\/centrourbano.com\/revista\/wp-content\/uploads\/IMG_5051.jpg","thumbnail_width":800,"thumbnail_height":533,"description":"Durante septiembre hubo un incremento de 20.7% de pasajeros en los aeropuertos que opera el Grupo Aeroportuario del Pac\u00edfico (GAP), comparados con el mismo mes del a\u00f1o pasado. En sus 13 aeropuertos, los pasajeros nacionales presentaron una variaci\u00f3n de 25.2%, mientras que los extranjeros aumentaron 12%."}

Diego Rodríguez

Durante septiembre hubo un incremento de 20.7% de pasajeros en los aeropuertos que opera el Grupo Aeroportuario del Pacífico (GAP), comparados con el mismo mes del año pasado. En sus 13 aeropuertos, los pasajeros nacionales presentaron una variación de 25.2%, mientras que los extranjeros aumentaron 12%.
