{"version":"1.0","provider_name":"Centro Urbano","provider_url":"https:\/\/centrourbano.com\/revista","author_name":"Diego Rodr\u00edguez","author_url":"https:\/\/centrourbano.com\/revista\/author\/diegorodriguez\/","title":"Fibra Plus increment\u00f3 portafolio con Edificio Arcos -","type":"rich","width":600,"height":338,"html":"<blockquote class=\"wp-embedded-content\" data-secret=\"xA1gTQ0yxg\"><a href=\"https:\/\/centrourbano.com\/revista\/inmobiliario\/fibra-plus-incremento-portafolio-edificio-arcos\/\">Fibra Plus increment\u00f3 portafolio con Edificio Arcos<\/a><\/blockquote><iframe sandbox=\"allow-scripts\" security=\"restricted\" src=\"https:\/\/centrourbano.com\/revista\/inmobiliario\/fibra-plus-incremento-portafolio-edificio-arcos\/embed\/#?secret=xA1gTQ0yxg\" width=\"600\" height=\"338\" title=\"\u00abFibra Plus increment\u00f3 portafolio con Edificio Arcos\u00bb \u2014 Centro Urbano\" data-secret=\"xA1gTQ0yxg\" frameborder=\"0\" marginwidth=\"0\" marginheight=\"0\" scrolling=\"no\" class=\"wp-embedded-content\"><\/iframe><script type=\"text\/javascript\">\n\/* <![CDATA[ *\/\n\/*! This file is auto-generated *\/\n!function(d,l){\"use strict\";l.querySelector&&d.addEventListener&&\"undefined\"!=typeof URL&&(d.wp=d.wp||{},d.wp.receiveEmbedMessage||(d.wp.receiveEmbedMessage=function(e){var t=e.data;if((t||t.secret||t.message||t.value)&&!\/[^a-zA-Z0-9]\/.test(t.secret)){for(var s,r,n,a=l.querySelectorAll('iframe[data-secret=\"'+t.secret+'\"]'),o=l.querySelectorAll('blockquote[data-secret=\"'+t.secret+'\"]'),c=new RegExp(\"^https?:$\",\"i\"),i=0;i<o.length;i++)o[i].style.display=\"none\";for(i=0;i<a.length;i++)s=a[i],e.source===s.contentWindow&&(s.removeAttribute(\"style\"),\"height\"===t.message?(1e3<(r=parseInt(t.value,10))?r=1e3:~~r<200&&(r=200),s.height=r):\"link\"===t.message&&(r=new URL(s.getAttribute(\"src\")),n=new URL(t.value),c.test(n.protocol))&&n.host===r.host&&l.activeElement===s&&(d.top.location.href=t.value))}},d.addEventListener(\"message\",d.wp.receiveEmbedMessage,!1),l.addEventListener(\"DOMContentLoaded\",function(){for(var e,t,s=l.querySelectorAll(\"iframe.wp-embedded-content\"),r=0;r<s.length;r++)(t=(e=s[r]).getAttribute(\"data-secret\"))||(t=Math.random().toString(36).substring(2,12),e.src+=\"#?secret=\"+t,e.setAttribute(\"data-secret\",t)),e.contentWindow.postMessage({message:\"ready\",secret:t},\"*\")},!1)))}(window,document);\n\/* ]]> *\/\n<\/script>\n","thumbnail_url":"https:\/\/centrourbano.com\/revista\/wp-content\/uploads\/Fplus-e1510084150270.jpg","thumbnail_width":800,"thumbnail_height":600,"description":"Fibra Plus anunci\u00f3 la adquisici\u00f3n del Edificio Arcos, que formar\u00e1 parte de sus activos, el inmueble est\u00e1 en la zona financiera de la ciudad de Guadalajara, tiene una superficie de 7,235 metros cuadrados, as\u00ed como un \u00e1rea bruta rentable de 5,824 meteos cuadrados."}

Diego Rodríguez

Fibra Plus incrementó portafolio con Edificio Arcos -

<blockquote class="wp-embedded-content" data-secret="xA1gTQ0yxg"><a href="https://centrourbano.com/revista/inmobiliario/fibra-plus-incremento-portafolio-edificio-arcos/">Fibra Plus incrementó portafolio con Edificio Arcos</a></blockquote><iframe sandbox="allow-scripts" security="restricted" src="https://centrourbano.com/revista/inmobiliario/fibra-plus-incremento-portafolio-edificio-arcos/embed/#?secret=xA1gTQ0yxg" width="600" height="338" title="«Fibra Plus incrementó portafolio con Edificio Arcos» — Centro Urbano" data-secret="xA1gTQ0yxg" frameborder="0" marginwidth="0" marginheight="0" scrolling="no" class="wp-embedded-content"></iframe><script type="text/javascript">
/* <![CDATA[ */
/*! This file is auto-generated */
!function(d,l){"use strict";l.querySelector&&d.addEventListener&&"undefined"!=typeof URL&&(d.wp=d.wp||{},d.wp.receiveEmbedMessage||(d.wp.receiveEmbedMessage=function(e){var t=e.data;if((t||t.secret||t.message||t.value)&&!/[^a-zA-Z0-9]/.test(t.secret)){for(var s,r,n,a=l.querySelectorAll('iframe[data-secret="'+t.secret+'"]'),o=l.querySelectorAll('blockquote[data-secret="'+t.secret+'"]'),c=new RegExp("^https?:$","i"),i=0;i<o.length;i++)o[i].style.display="none";for(i=0;i<a.length;i++)s=a[i],e.source===s.contentWindow&&(s.removeAttribute("style"),"height"===t.message?(1e3<(r=parseInt(t.value,10))?r=1e3:~~r<200&&(r=200),s.height=r):"link"===t.message&&(r=new URL(s.getAttribute("src")),n=new URL(t.value),c.test(n.protocol))&&n.host===r.host&&l.activeElement===s&&(d.top.location.href=t.value))}},d.addEventListener("message",d.wp.receiveEmbedMessage,!1),l.addEventListener("DOMContentLoaded",function(){for(var e,t,s=l.querySelectorAll("iframe.wp-embedded-content"),r=0;r<s.length;r++)(t=(e=s[r]).getAttribute("data-secret"))||(t=Math.random().toString(36).substring(2,12),e.src+="#?secret="+t,e.setAttribute("data-secret",t)),e.contentWindow.postMessage({message:"ready",secret:t},"*")},!1)))}(window,document);
/* ]]> */
</script>

Fibra Plus anunció la adquisición del Edificio Arcos, que formará parte de sus activos, el inmueble está en la zona financiera de la ciudad de Guadalajara, tiene una superficie de 7,235 metros cuadrados, así como un área bruta rentable de 5,824 meteos cuadrados.
