{"version":"1.0","provider_name":"Centro Urbano","provider_url":"https:\/\/centrourbano.com\/revista","author_name":"Diego Rodr\u00edguez","author_url":"https:\/\/centrourbano.com\/revista\/author\/diegorodriguez\/","title":"AMPI inaugura XLV Congreso Nacional en Puebla -","type":"rich","width":600,"height":338,"html":"<blockquote class=\"wp-embedded-content\" data-secret=\"QRiB0iQMlk\"><a href=\"https:\/\/centrourbano.com\/revista\/inmobiliario\/ampi-inaugura-xlv-congreso-nacional-puebla\/\">AMPI inaugura XLV Congreso Nacional en Puebla<\/a><\/blockquote><iframe sandbox=\"allow-scripts\" security=\"restricted\" src=\"https:\/\/centrourbano.com\/revista\/inmobiliario\/ampi-inaugura-xlv-congreso-nacional-puebla\/embed\/#?secret=QRiB0iQMlk\" width=\"600\" height=\"338\" title=\"\u00abAMPI inaugura XLV Congreso Nacional en Puebla\u00bb \u2014 Centro Urbano\" data-secret=\"QRiB0iQMlk\" frameborder=\"0\" marginwidth=\"0\" marginheight=\"0\" scrolling=\"no\" class=\"wp-embedded-content\"><\/iframe><script type=\"text\/javascript\">\n\/* <![CDATA[ *\/\n\/*! This file is auto-generated *\/\n!function(d,l){\"use strict\";l.querySelector&&d.addEventListener&&\"undefined\"!=typeof URL&&(d.wp=d.wp||{},d.wp.receiveEmbedMessage||(d.wp.receiveEmbedMessage=function(e){var t=e.data;if((t||t.secret||t.message||t.value)&&!\/[^a-zA-Z0-9]\/.test(t.secret)){for(var s,r,n,a=l.querySelectorAll('iframe[data-secret=\"'+t.secret+'\"]'),o=l.querySelectorAll('blockquote[data-secret=\"'+t.secret+'\"]'),c=new RegExp(\"^https?:$\",\"i\"),i=0;i<o.length;i++)o[i].style.display=\"none\";for(i=0;i<a.length;i++)s=a[i],e.source===s.contentWindow&&(s.removeAttribute(\"style\"),\"height\"===t.message?(1e3<(r=parseInt(t.value,10))?r=1e3:~~r<200&&(r=200),s.height=r):\"link\"===t.message&&(r=new URL(s.getAttribute(\"src\")),n=new URL(t.value),c.test(n.protocol))&&n.host===r.host&&l.activeElement===s&&(d.top.location.href=t.value))}},d.addEventListener(\"message\",d.wp.receiveEmbedMessage,!1),l.addEventListener(\"DOMContentLoaded\",function(){for(var e,t,s=l.querySelectorAll(\"iframe.wp-embedded-content\"),r=0;r<s.length;r++)(t=(e=s[r]).getAttribute(\"data-secret\"))||(t=Math.random().toString(36).substring(2,12),e.src+=\"#?secret=\"+t,e.setAttribute(\"data-secret\",t)),e.contentWindow.postMessage({message:\"ready\",secret:t},\"*\")},!1)))}(window,document);\n\/* ]]> *\/\n<\/script>\n","thumbnail_url":"https:\/\/centrourbano.com\/revista\/wp-content\/uploads\/ampi-congreso-nacional.jpg","thumbnail_width":900,"thumbnail_height":1200,"description":"La Asociaci\u00f3n Mexicana de Profesionales Inmobiliario (AMPI) realiz\u00f3 la inauguraci\u00f3n de su XLV Congreso Nacional, en donde tambi\u00e9n estuvieron presentes el gobernador de Puebla, Rafael Moreno Valle, as\u00ed como funcionarios de la Secretar\u00eda de Desarrollo Agrario, Territorial y Urbano (Sedatu) y de distintas organizaciones del sector inmobiliario."}

Diego Rodríguez

La Asociación Mexicana de Profesionales Inmobiliario (AMPI) realizó la inauguración de su XLV Congreso Nacional, en donde también estuvieron presentes el gobernador de Puebla, Rafael Moreno Valle, así como funcionarios de la Secretaría de Desarrollo Agrario, Territorial y Urbano (Sedatu) y de distintas organizaciones del sector inmobiliario.
