{"version":"1.0","provider_name":"Centro Urbano","provider_url":"https:\/\/centrourbano.com\/revista","author_name":"Margarita Gallardo","author_url":"https:\/\/centrourbano.com\/revista\/author\/margarita-gallardo\/","title":"El Palacio de Bellas Artes -","type":"rich","width":600,"height":338,"html":"<blockquote class=\"wp-embedded-content\" data-secret=\"gApBXKgBvh\"><a href=\"https:\/\/centrourbano.com\/revista\/hombresymujeresdelacasa\/palacio-bellas-artes\/\">El Palacio de Bellas Artes<\/a><\/blockquote><iframe sandbox=\"allow-scripts\" security=\"restricted\" src=\"https:\/\/centrourbano.com\/revista\/hombresymujeresdelacasa\/palacio-bellas-artes\/embed\/#?secret=gApBXKgBvh\" width=\"600\" height=\"338\" title=\"\u00abEl Palacio de Bellas Artes\u00bb \u2014 Centro Urbano\" data-secret=\"gApBXKgBvh\" frameborder=\"0\" marginwidth=\"0\" marginheight=\"0\" scrolling=\"no\" class=\"wp-embedded-content\"><\/iframe><script type=\"text\/javascript\">\n\/* <![CDATA[ *\/\n\/*! This file is auto-generated *\/\n!function(d,l){\"use strict\";l.querySelector&&d.addEventListener&&\"undefined\"!=typeof URL&&(d.wp=d.wp||{},d.wp.receiveEmbedMessage||(d.wp.receiveEmbedMessage=function(e){var t=e.data;if((t||t.secret||t.message||t.value)&&!\/[^a-zA-Z0-9]\/.test(t.secret)){for(var s,r,n,a=l.querySelectorAll('iframe[data-secret=\"'+t.secret+'\"]'),o=l.querySelectorAll('blockquote[data-secret=\"'+t.secret+'\"]'),c=new RegExp(\"^https?:$\",\"i\"),i=0;i<o.length;i++)o[i].style.display=\"none\";for(i=0;i<a.length;i++)s=a[i],e.source===s.contentWindow&&(s.removeAttribute(\"style\"),\"height\"===t.message?(1e3<(r=parseInt(t.value,10))?r=1e3:~~r<200&&(r=200),s.height=r):\"link\"===t.message&&(r=new URL(s.getAttribute(\"src\")),n=new URL(t.value),c.test(n.protocol))&&n.host===r.host&&l.activeElement===s&&(d.top.location.href=t.value))}},d.addEventListener(\"message\",d.wp.receiveEmbedMessage,!1),l.addEventListener(\"DOMContentLoaded\",function(){for(var e,t,s=l.querySelectorAll(\"iframe.wp-embedded-content\"),r=0;r<s.length;r++)(t=(e=s[r]).getAttribute(\"data-secret\"))||(t=Math.random().toString(36).substring(2,12),e.src+=\"#?secret=\"+t,e.setAttribute(\"data-secret\",t)),e.contentWindow.postMessage({message:\"ready\",secret:t},\"*\")},!1)))}(window,document);\n\/* ]]> *\/\n<\/script>\n","thumbnail_url":"https:\/\/centrourbano.com\/revista\/wp-content\/uploads\/le-palacio.jpg","thumbnail_width":735,"thumbnail_height":400,"description":"El expresidente Porfirio D\u00edaz a principios del siglo XX dio el paso de hacer un nuevo Teatro Nacional que dejar\u00eda atr\u00e1s al antiguo, fue entonces cuando se inici\u00f3 el arreglo del palacio, ya que se requer\u00eda un sitio que fuera representativo para los festejos del Centenario de la Independencia de M\u00e9xico."}

El expresidente Porfirio Díaz a principios del siglo XX dio el paso de hacer un nuevo Teatro Nacional que dejaría atrás al antiguo, fue entonces cuando se inició el arreglo del palacio, ya que se requería un sitio que fuera representativo para los festejos del Centenario de la Independencia de México.
