{"version":"1.0","provider_name":"Centro Urbano","provider_url":"https:\/\/centrourbano.com\/revista","author_name":"Hanae Pacheco","author_url":"https:\/\/centrourbano.com\/revista\/author\/hanae-pacheco\/","title":"Encienden alumbrado decorativo por fiestas patrias -","type":"rich","width":600,"height":338,"html":"<blockquote class=\"wp-embedded-content\" data-secret=\"Mx0W78KoJi\"><a href=\"https:\/\/centrourbano.com\/revista\/actualidad\/encienden-alumbrado-decorativo-fiestas-patrias\/\">Encienden alumbrado decorativo por fiestas patrias<\/a><\/blockquote><iframe sandbox=\"allow-scripts\" security=\"restricted\" src=\"https:\/\/centrourbano.com\/revista\/actualidad\/encienden-alumbrado-decorativo-fiestas-patrias\/embed\/#?secret=Mx0W78KoJi\" width=\"600\" height=\"338\" title=\"\u00abEncienden alumbrado decorativo por fiestas patrias\u00bb \u2014 Centro Urbano\" data-secret=\"Mx0W78KoJi\" frameborder=\"0\" marginwidth=\"0\" marginheight=\"0\" scrolling=\"no\" class=\"wp-embedded-content\"><\/iframe><script type=\"text\/javascript\">\n\/* <![CDATA[ *\/\n\/*! This file is auto-generated *\/\n!function(d,l){\"use strict\";l.querySelector&&d.addEventListener&&\"undefined\"!=typeof URL&&(d.wp=d.wp||{},d.wp.receiveEmbedMessage||(d.wp.receiveEmbedMessage=function(e){var t=e.data;if((t||t.secret||t.message||t.value)&&!\/[^a-zA-Z0-9]\/.test(t.secret)){for(var s,r,n,a=l.querySelectorAll('iframe[data-secret=\"'+t.secret+'\"]'),o=l.querySelectorAll('blockquote[data-secret=\"'+t.secret+'\"]'),c=new RegExp(\"^https?:$\",\"i\"),i=0;i<o.length;i++)o[i].style.display=\"none\";for(i=0;i<a.length;i++)s=a[i],e.source===s.contentWindow&&(s.removeAttribute(\"style\"),\"height\"===t.message?(1e3<(r=parseInt(t.value,10))?r=1e3:~~r<200&&(r=200),s.height=r):\"link\"===t.message&&(r=new URL(s.getAttribute(\"src\")),n=new URL(t.value),c.test(n.protocol))&&n.host===r.host&&l.activeElement===s&&(d.top.location.href=t.value))}},d.addEventListener(\"message\",d.wp.receiveEmbedMessage,!1),l.addEventListener(\"DOMContentLoaded\",function(){for(var e,t,s=l.querySelectorAll(\"iframe.wp-embedded-content\"),r=0;r<s.length;r++)(t=(e=s[r]).getAttribute(\"data-secret\"))||(t=Math.random().toString(36).substring(2,12),e.src+=\"#?secret=\"+t,e.setAttribute(\"data-secret\",t)),e.contentWindow.postMessage({message:\"ready\",secret:t},\"*\")},!1)))}(window,document);\n\/* ]]> *\/\n<\/script>\n","thumbnail_url":"https:\/\/centrourbano.com\/revista\/wp-content\/uploads\/encienden-alumbrado.jpg","thumbnail_width":1000,"thumbnail_height":667,"description":"El Jefe de Gobierno de la Ciudad de M\u00e9xico, Miguel \u00c1ngel Mancera, encendi\u00f3 el alumbrado decorativo para la celebraci\u00f3n de las Fiestas Patrias, en el Z\u00f3calo de la Ciudad de M\u00e9xico, que este a\u00f1o se compone por 24 conjuntos luminosos, entre ellos una campana monumental de 20 metros de alto ubicada en la calle 20 de Noviembre."}

El Jefe de Gobierno de la Ciudad de México, Miguel Ángel Mancera, encendió el alumbrado decorativo para la celebración de las Fiestas Patrias, en el Zócalo de la Ciudad de México, que este año se compone por 24 conjuntos luminosos, entre ellos una campana monumental de 20 metros de alto ubicada en la calle 20 de Noviembre.
