{"version":"1.0","provider_name":"Centro Urbano","provider_url":"https:\/\/centrourbano.com\/revista","author_name":"Edgar Rosas","author_url":"https:\/\/centrourbano.com\/revista\/author\/edgar-rosas\/","title":"Adelantar\u00e1 BMV horario de operaci\u00f3n -","type":"rich","width":600,"height":338,"html":"<blockquote class=\"wp-embedded-content\" data-secret=\"hlnsD8vWpk\"><a href=\"https:\/\/centrourbano.com\/revista\/actualidad\/adelantara-bmv-horario-operacion\/\">Adelantar\u00e1 BMV horario de operaci\u00f3n<\/a><\/blockquote><iframe sandbox=\"allow-scripts\" security=\"restricted\" src=\"https:\/\/centrourbano.com\/revista\/actualidad\/adelantara-bmv-horario-operacion\/embed\/#?secret=hlnsD8vWpk\" width=\"600\" height=\"338\" title=\"\u00abAdelantar\u00e1 BMV horario de operaci\u00f3n\u00bb \u2014 Centro Urbano\" data-secret=\"hlnsD8vWpk\" frameborder=\"0\" marginwidth=\"0\" marginheight=\"0\" scrolling=\"no\" class=\"wp-embedded-content\"><\/iframe><script type=\"text\/javascript\">\n\/* <![CDATA[ *\/\n\/*! This file is auto-generated *\/\n!function(d,l){\"use strict\";l.querySelector&&d.addEventListener&&\"undefined\"!=typeof URL&&(d.wp=d.wp||{},d.wp.receiveEmbedMessage||(d.wp.receiveEmbedMessage=function(e){var t=e.data;if((t||t.secret||t.message||t.value)&&!\/[^a-zA-Z0-9]\/.test(t.secret)){for(var s,r,n,a=l.querySelectorAll('iframe[data-secret=\"'+t.secret+'\"]'),o=l.querySelectorAll('blockquote[data-secret=\"'+t.secret+'\"]'),c=new RegExp(\"^https?:$\",\"i\"),i=0;i<o.length;i++)o[i].style.display=\"none\";for(i=0;i<a.length;i++)s=a[i],e.source===s.contentWindow&&(s.removeAttribute(\"style\"),\"height\"===t.message?(1e3<(r=parseInt(t.value,10))?r=1e3:~~r<200&&(r=200),s.height=r):\"link\"===t.message&&(r=new URL(s.getAttribute(\"src\")),n=new URL(t.value),c.test(n.protocol))&&n.host===r.host&&l.activeElement===s&&(d.top.location.href=t.value))}},d.addEventListener(\"message\",d.wp.receiveEmbedMessage,!1),l.addEventListener(\"DOMContentLoaded\",function(){for(var e,t,s=l.querySelectorAll(\"iframe.wp-embedded-content\"),r=0;r<s.length;r++)(t=(e=s[r]).getAttribute(\"data-secret\"))||(t=Math.random().toString(36).substring(2,12),e.src+=\"#?secret=\"+t,e.setAttribute(\"data-secret\",t)),e.contentWindow.postMessage({message:\"ready\",secret:t},\"*\")},!1)))}(window,document);\n\/* ]]> *\/\n<\/script>\n","thumbnail_url":"https:\/\/centrourbano.com\/revista\/wp-content\/uploads\/abr-bmv-ninive-luanda-1486328-e1460654056529.jpg","thumbnail_width":580,"thumbnail_height":304,"description":"Con el objetivo de mantener la homologaci\u00f3n en los horarios de operaci\u00f3n burs\u00e1til con el mercado de Nueva York, la Bolsa Mexicana de Valores (BMV) adecuar\u00e1 el horario de la sesi\u00f3n de remate por lo que a partir del 13 de marzo y hasta el 31 del mismo mes la sesi\u00f3n dar\u00e1 inicio a las 7:30 horas para concluir a las 14:00 horas."}

Adelantará BMV horario de operación -

<blockquote class="wp-embedded-content" data-secret="hlnsD8vWpk"><a href="https://centrourbano.com/revista/actualidad/adelantara-bmv-horario-operacion/">Adelantará BMV horario de operación</a></blockquote><iframe sandbox="allow-scripts" security="restricted" src="https://centrourbano.com/revista/actualidad/adelantara-bmv-horario-operacion/embed/#?secret=hlnsD8vWpk" width="600" height="338" title="«Adelantará BMV horario de operación» — Centro Urbano" data-secret="hlnsD8vWpk" frameborder="0" marginwidth="0" marginheight="0" scrolling="no" class="wp-embedded-content"></iframe><script type="text/javascript">
/* <![CDATA[ */
/*! This file is auto-generated */
!function(d,l){"use strict";l.querySelector&&d.addEventListener&&"undefined"!=typeof URL&&(d.wp=d.wp||{},d.wp.receiveEmbedMessage||(d.wp.receiveEmbedMessage=function(e){var t=e.data;if((t||t.secret||t.message||t.value)&&!/[^a-zA-Z0-9]/.test(t.secret)){for(var s,r,n,a=l.querySelectorAll('iframe[data-secret="'+t.secret+'"]'),o=l.querySelectorAll('blockquote[data-secret="'+t.secret+'"]'),c=new RegExp("^https?:$","i"),i=0;i<o.length;i++)o[i].style.display="none";for(i=0;i<a.length;i++)s=a[i],e.source===s.contentWindow&&(s.removeAttribute("style"),"height"===t.message?(1e3<(r=parseInt(t.value,10))?r=1e3:~~r<200&&(r=200),s.height=r):"link"===t.message&&(r=new URL(s.getAttribute("src")),n=new URL(t.value),c.test(n.protocol))&&n.host===r.host&&l.activeElement===s&&(d.top.location.href=t.value))}},d.addEventListener("message",d.wp.receiveEmbedMessage,!1),l.addEventListener("DOMContentLoaded",function(){for(var e,t,s=l.querySelectorAll("iframe.wp-embedded-content"),r=0;r<s.length;r++)(t=(e=s[r]).getAttribute("data-secret"))||(t=Math.random().toString(36).substring(2,12),e.src+="#?secret="+t,e.setAttribute("data-secret",t)),e.contentWindow.postMessage({message:"ready",secret:t},"*")},!1)))}(window,document);
/* ]]> */
</script>

Con el objetivo de mantener la homologación en los horarios de operación bursátil con el mercado de Nueva York, la Bolsa Mexicana de Valores (BMV) adecuará el horario de la sesión de remate por lo que a partir del 13 de marzo y hasta el 31 del mismo mes la sesión dará inicio a las 7:30 horas para concluir a las 14:00 horas.
